{"id":229,"date":"2024-11-29T22:07:09","date_gmt":"2024-11-29T21:07:09","guid":{"rendered":"https:\/\/akkademus.pl\/szkolenia\/?post_type=product&#038;p=229"},"modified":"2025-10-10T08:36:52","modified_gmt":"2025-10-10T06:36:52","slug":"229","status":"publish","type":"product","link":"https:\/\/akkademus.pl\/szkolenia\/produkt\/229\/","title":{"rendered":"Sztuczna inteligencja w Przedszkolu (AI)"},"content":{"rendered":"<h2><strong>Cel szkolenia<\/strong><\/h2>\n<p>Celem szkolenia jest zapoznanie nauczycieli wychowania przedszkolnego z mo\u017cliwo\u015bciami wykorzystania narz\u0119dzi sztucznej inteligencji (AI) w codziennej pracy pedagogicznej oraz przygotowanie ich do bezpiecznego i efektywnego wdra\u017cania tych technologii.<\/p>\n<p>Realizacja jednego z podstawowych Kierunk\u00f3w Polityki O\u015bwiatowej pa\u0144stwa w roku szkolnym 2024\/2025 &#8211;\u00a0 <em>Wspieranie rozwoju umiej\u0119tno\u015bci cyfrowych uczni\u00f3w i nauczycieli, ze szczeg\u00f3lnym uwzgl\u0119dnieniem bezpiecznego poruszania si\u0119 w sieci oraz krytycznej analizy informacji dost\u0119pnych w Internecie. Poprawne metodycznie wykorzystywanie przez nauczycieli narz\u0119dzi i materia\u0142\u00f3w dost\u0119pnych w sieci, w szczeg\u00f3lno\u015bci opartych na sztucznej inteligencji, korzystanie z zasob\u00f3w Zintegrowanej Platformy Edukacyjnej.<\/em><\/p>\n<p>&nbsp;<\/p>\n<h2><strong>Program szkolenia\u00a0<\/strong><\/h2>\n<p>&nbsp;<\/p>\n<p><u>Modu\u0142 1<\/u> <strong>Wprowadzenie do AI w edukacji<\/strong><\/p>\n<ol>\n<li>Czym jest sztuczna inteligencja? \u2013 podstawowe poj\u0119cia<\/li>\n<li>Podstawowe zastosowanie AI w edukacji przedszkolnej<\/li>\n<li>Aspekty etyczne i bezpiecze\u0144stwo<\/li>\n<\/ol>\n<p>&nbsp;<\/p>\n<p><u>Modu\u0142 2<\/u> <strong>Planowanie zaj\u0119\u0107 z AI<\/strong><\/p>\n<ol>\n<li>Generowanie pomys\u0142\u00f3w na zaj\u0119cia (ChatGPT)<\/li>\n<li>Tworzenie prostych materia\u0142\u00f3w dydaktycznych<\/li>\n<li>Przyk\u0142ady gotowych prompts (polece\u0144) do wykorzystania:<\/li>\n<\/ol>\n<p><em>\u00a0 * &#8222;Zaproponuj 5 aktywno\u015bci na zaj\u0119cia o temacie&#8230;&#8221;<\/em><\/p>\n<p><em>\u00a0 * &#8222;Stw\u00f3rz kr\u00f3tk\u0105 rymowank\u0119 dla dzieci o&#8230;&#8221;<\/em><\/p>\n<p><em>\u00a0 * &#8222;Wymy\u015bl zabaw\u0119 ruchow\u0105 zwi\u0105zan\u0105 z&#8230;&#8221;<\/em><\/p>\n<p><em>\u00a0 * \u201e Napisz wiersz o przedszkolu\u2026\u201d<\/em><\/p>\n<p>&nbsp;<\/p>\n<p><u>\u00a0<\/u><\/p>\n<p><u>Modu\u0142 3<\/u> <strong>Funkcje AI w Canvie<\/strong><\/p>\n<ol>\n<li><em>Canva Editor i Templates (szablony)<\/em> &#8211; Tworzenie materia\u0142\u00f3w edukacyjnych:<\/li>\n<\/ol>\n<p>&#8211; Plansze edukacyjne<\/p>\n<p>&#8211; Karty pracy<\/p>\n<p>&#8211; Dekoracje sali<\/p>\n<p>&#8211; Dyplomy<\/p>\n<p><strong>(Nauczycielu przegl\u0105daj dost\u0119pne szablony w r\u00f3\u017cnych kategoriach i dostosuj je do swoich potrzeb dodaj\u0105c w\u0142asny tekst i obraz)<\/strong><\/p>\n<ol start=\"2\">\n<li><em>Magic Write<\/em> \u2013 generowanie tekst\u00f3w, kt\u00f3re pozwol\u0105 na szybkie stworzenie opisu, pomys\u0142u na zaj\u0119cia czy napisaniu artyku\u0142u do gazetki przedszkolnej <strong>(Nauczycielu wprowad\u017a temat lub zapytanie, a Magic Write wygeneruje odpowiedni tekst)<\/strong><\/li>\n<li><em>Text to Image<\/em> \u2013 umo\u017cliwia tworzenie atrakcyjnych wizualnie materia\u0142\u00f3w edukacyjnych \u2013 tworzy obrazy z opis\u00f3w <strong>(Nauczycielu stw\u00f3rz opis, kt\u00f3ry mo\u017ce by\u0107 prostym zdaniem, np. \u201edzieci bawi\u0105 si\u0119 na placu zabaw\u201d a po kilku sekundach zostanie wygenerowany obraz)<\/strong><\/li>\n<li><em>Clear Background<\/em> \u2013 usuwanie t\u0142a z obraz\u00f3w i zdj\u0119\u0107, co u\u0142atwia tworzenie grafik do prezentacji i plakat\u00f3w <strong>(Nauczycielu wgraj zdj\u0119cie, a aplikacja usunie t\u0142o, pozostawiaj\u0105c tylko wybrany obiekt)<\/strong><\/li>\n<\/ol>\n<p><u>\u00a0<\/u><\/p>\n<p><u>Modu\u0142 4<\/u><strong> Zintegrowana Platforma Edukacyjna \u2013 wprowadzenie<\/strong><\/p>\n<ol>\n<li>Przegl\u0105d dost\u0119pnych materia\u0142\u00f3w dostosowanych do potrzeb przedszkolak\u00f3w<br \/>\n(filmy edukacyjne, karty pracy, scenariusze)<\/li>\n<\/ol>\n<p>&nbsp;<\/p>\n<p><u>Modu\u0142 5<\/u><strong> Podsumowanie<\/strong><\/p>\n<p>1.Pytania i odpowiedzi<\/p>\n<p>2.Wskaz\u00f3wki do dalszej nauki<\/p>\n<p>3.Lista przydatnych zasob\u00f3w<\/p>\n<p>&nbsp;<\/p>\n<p><strong>\u00a0<\/strong><\/p>\n<h2><strong>Materia\u0142y dla uczestnik\u00f3w<\/strong><\/h2>\n<p>Poradnik &#8222;Pierwsze kroki z AI&#8221; (PDF)<\/p>\n<p>Przewodnik po funkcjach AI w Canvie<\/p>\n<p>Lista sprawdzonych narz\u0119dzi z linkami<\/p>\n<p>Szablony najpopularniejszych prompts do pracy nauczyciela<\/p>\n<p>&nbsp;<\/p>\n<h2><strong>Efekty szkolenia<\/strong><\/h2>\n<p><strong>Po szkoleniu uczestnik<\/strong><\/p>\n<ol>\n<li>Rozumie podstawy dzia\u0142ania AI w kontek\u015bcie edukacji<\/li>\n<li>Potrafi u\u017cywa\u0107 ChatGPT do planowania zaj\u0119\u0107<\/li>\n<li>Efektywnie wykorzystuje funkcje AI w Canvie<\/li>\n<li>Umie stworzy\u0107 podstawowe materia\u0142y edukacyjne z pomoc\u0105 AI<\/li>\n<li>Zna podstawowe zasoby Zintegrowanej Platformy Edukacyjnej<\/li>\n<li>Zna zasady bezpiecznego korzystania z narz\u0119dzi AI<\/li>\n<\/ol>\n<p>&nbsp;<\/p>\n","protected":false},"excerpt":{"rendered":"<p><strong>Sztuczna inteligencja w Przedszkolu. Nowe Narz\u0119dzie dla Nauczycieli <\/strong><strong>oraz Innowacja w Edukacji.<\/strong><\/p>\n","protected":false},"featured_media":475,"comment_status":"open","ping_status":"closed","template":"","meta":[],"product_brand":[],"product_cat":[21],"product_tag":[],"class_list":{"0":"post-229","1":"product","2":"type-product","3":"status-publish","4":"has-post-thumbnail","6":"product_cat-szkolenia-rady-pedagogicznej","8":"entry","9":"has-media","11":"first","12":"instock","13":"virtual","14":"purchasable","15":"product-type-simple","16":"has-product-nav","17":"col","18":"span_1_of_3","19":"owp-content-center","20":"owp-thumbs-layout-horizontal","21":"owp-btn-normal","22":"owp-tabs-layout-horizontal","23":"has-no-thumbnails"},"jetpack_sharing_enabled":true,"_links":{"self":[{"href":"https:\/\/akkademus.pl\/szkolenia\/wp-json\/wp\/v2\/product\/229","targetHints":{"allow":["GET"]}}],"collection":[{"href":"https:\/\/akkademus.pl\/szkolenia\/wp-json\/wp\/v2\/product"}],"about":[{"href":"https:\/\/akkademus.pl\/szkolenia\/wp-json\/wp\/v2\/types\/product"}],"replies":[{"embeddable":true,"href":"https:\/\/akkademus.pl\/szkolenia\/wp-json\/wp\/v2\/comments?post=229"}],"wp:featuredmedia":[{"embeddable":true,"href":"https:\/\/akkademus.pl\/szkolenia\/wp-json\/wp\/v2\/media\/475"}],"wp:attachment":[{"href":"https:\/\/akkademus.pl\/szkolenia\/wp-json\/wp\/v2\/media?parent=229"}],"wp:term":[{"taxonomy":"product_brand","embeddable":true,"href":"https:\/\/akkademus.pl\/szkolenia\/wp-json\/wp\/v2\/product_brand?post=229"},{"taxonomy":"product_cat","embeddable":true,"href":"https:\/\/akkademus.pl\/szkolenia\/wp-json\/wp\/v2\/product_cat?post=229"},{"taxonomy":"product_tag","embeddable":true,"href":"https:\/\/akkademus.pl\/szkolenia\/wp-json\/wp\/v2\/product_tag?post=229"}],"curies":[{"name":"wp","href":"https:\/\/api.w.org\/{rel}","templated":true}]}}