{"id":484,"date":"2024-12-17T13:51:35","date_gmt":"2024-12-17T12:51:35","guid":{"rendered":"https:\/\/akkademus.pl\/szkolenia\/?post_type=product&#038;p=484"},"modified":"2024-12-17T13:51:35","modified_gmt":"2024-12-17T12:51:35","slug":"ogolnopolski-program-dwujezyczny-przedszkolak-warsztaty-praktyczne","status":"publish","type":"product","link":"https:\/\/akkademus.pl\/szkolenia\/produkt\/ogolnopolski-program-dwujezyczny-przedszkolak-warsztaty-praktyczne\/","title":{"rendered":"Og\u00f3lnopolski Program Dwuj\u0119zyczny Przedszkolak &#8211; warsztaty praktyczne"},"content":{"rendered":"<div class=\"default-style\">\ud83c\udf38 Warsztaty praktyczne dla nauczycieli to doskona\u0142a okazja, aby pozna\u0107 nowoczesne metody wychowania dwuj\u0119zycznego i nauczy\u0107 si\u0119, jak skutecznie je stosowa\u0107 w pracy z przedszkolakami.<\/div>\n<div class=\"default-style\"><\/div>\n<div class=\"default-style\">\ud83c\udf3a Podczas warsztat\u00f3w om\u00f3wimy podstawy dwuj\u0119zyczno\u015bci oraz zaprezentujemy praktyczne sposoby jej wykorzystania w Twoim przedszkolu.<\/div>\n<div class=\"default-style\"><\/div>\n<div class=\"default-style\">\ud83c\udf3a Opowiemy o tym, w jaki spos\u00f3b materia\u0142y dydaktyczne mog\u0105 pom\u00f3c w realizacji podstawy programowej i oswojeniu dzieci z j\u0119zykiem angielskim podczas codziennych aktywno\u015bci w przedszkolu. Poka\u017cemy, jak pracowa\u0107 z grup\u0105 dzieci o r\u00f3\u017cnych potrzebach i zdolno\u015bciach. Ponadto zainspirujemy Ci\u0119 do poszukiwania nowych, innowacyjnych metod pracy z dzie\u0107mi dwuj\u0119zycznymi oraz nauczymy skutecznych sposob\u00f3w wspierania dwuj\u0119zyczno\u015bci u dzieci. \ud83c\udf3a<\/div>\n<div class=\"default-style\"><\/div>\n<div class=\"default-style\">\ud83c\udf38 W trakcie warsztat\u00f3w poznasz gotowe scenariusze, zabawy, gry i zaj\u0119cia zwi\u0105zane ze \u015bwi\u0119tami i wydarzeniami, co pozwoli Ci zaoszcz\u0119dzi\u0107 czas przy przygotowywaniu zaj\u0119\u0107. Z nami b\u0119dziesz m\u00f3g\u0142 zaplanowa\u0107 efektywny dzie\u0144, tydzie\u0144, a nawet miesi\u0105c pracy. Pami\u0119taj, \u017ce po warsztatach otrzymasz dost\u0119p do platformy, gdzie tak\u017ce udost\u0119pnimy nagrania przyk\u0142adowych zaj\u0119\u0107.<\/div>\n<div class=\"default-style\"><\/div>\n<div class=\"default-style\">\ud83c\udf38 Nie czekaj d\u0142u\u017cej i zapisz si\u0119 na nasze warsztaty, aby zdoby\u0107 nowe umiej\u0119tno\u015bci i inspiracje w pracy z dwuj\u0119zycznymi dzie\u0107mi!<\/div>\n","protected":false},"excerpt":{"rendered":"<p>\ud83c\udf38 Warsztaty praktyczne dla nauczycieli to doskona\u0142a okazja, aby pozna\u0107 nowoczesne metody wychowania dwuj\u0119zycznego i nauczy\u0107 si\u0119, jak skutecznie je stosowa\u0107 w pracy z przedszkolakami. \ud83c\udf3a Podczas warsztat\u00f3w om\u00f3wimy podstawy dwuj\u0119zyczno\u015bci oraz zaprezentujemy praktyczne sposoby jej wykorzystania w Twoim przedszkolu. \ud83c\udf3a Opowiemy o tym, w jaki spos\u00f3b materia\u0142y dydaktyczne mog\u0105 pom\u00f3c w realizacji podstawy programowej [&hellip;]<\/p>\n","protected":false},"featured_media":485,"comment_status":"open","ping_status":"closed","template":"","meta":[],"product_brand":[],"product_cat":[21],"product_tag":[],"class_list":{"0":"post-484","1":"product","2":"type-product","3":"status-publish","4":"has-post-thumbnail","6":"product_cat-szkolenia-rady-pedagogicznej","8":"entry","9":"has-media","11":"first","12":"instock","13":"shipping-taxable","14":"purchasable","15":"product-type-simple","16":"has-product-nav","17":"col","18":"span_1_of_3","19":"owp-content-center","20":"owp-thumbs-layout-horizontal","21":"owp-btn-normal","22":"owp-tabs-layout-horizontal","23":"has-no-thumbnails"},"jetpack_sharing_enabled":true,"_links":{"self":[{"href":"https:\/\/akkademus.pl\/szkolenia\/wp-json\/wp\/v2\/product\/484","targetHints":{"allow":["GET"]}}],"collection":[{"href":"https:\/\/akkademus.pl\/szkolenia\/wp-json\/wp\/v2\/product"}],"about":[{"href":"https:\/\/akkademus.pl\/szkolenia\/wp-json\/wp\/v2\/types\/product"}],"replies":[{"embeddable":true,"href":"https:\/\/akkademus.pl\/szkolenia\/wp-json\/wp\/v2\/comments?post=484"}],"wp:featuredmedia":[{"embeddable":true,"href":"https:\/\/akkademus.pl\/szkolenia\/wp-json\/wp\/v2\/media\/485"}],"wp:attachment":[{"href":"https:\/\/akkademus.pl\/szkolenia\/wp-json\/wp\/v2\/media?parent=484"}],"wp:term":[{"taxonomy":"product_brand","embeddable":true,"href":"https:\/\/akkademus.pl\/szkolenia\/wp-json\/wp\/v2\/product_brand?post=484"},{"taxonomy":"product_cat","embeddable":true,"href":"https:\/\/akkademus.pl\/szkolenia\/wp-json\/wp\/v2\/product_cat?post=484"},{"taxonomy":"product_tag","embeddable":true,"href":"https:\/\/akkademus.pl\/szkolenia\/wp-json\/wp\/v2\/product_tag?post=484"}],"curies":[{"name":"wp","href":"https:\/\/api.w.org\/{rel}","templated":true}]}}